ivided by n.
18
Let v(n) = -9*n - 34. Let b(w) = -2*w - 3. Let t be b(-3). Suppose 0 = -t*o + 52 + 41. Calculate the remainder when o is divided by v(-5).
9
Let s(n) = -n**3 + 11*n**2 - n + 26. What is the remainder when 42 is divided by s(11)?
12
Let a(m) = 2*m - 1. Let j be a(3). Suppose 4*k = -2*s + 172, -j*s + k + 449 = 41. Calculate the remainder when s is divided by 21.
19
Let o be -1*(0/3 + -1). Let n be 2*2 - (2 - o). Calculate the remainder when 29 is divided by (2 + 4)*4/n.
5
Let h = 155 + -128. What is the remainder when 29 is divided by h?
2
Let b = -46 - -57. Calculate the remainder when 30 is divided by b.
8
Let w(h) = -h**3 - 8*h**2 - 10*h - 5. Let y(b) = 48*b - 1. Suppose s = -4*s + 5. What is the remainder when y(s) is divided by w(-7)?
15
Let n(q) = 28*q. What is the remainder when n(3) is divided by 29?
26
Suppose p + 4*d + 64 = 4*p, -4 = d. Calculate the remainder when p is divided by 10.
6
What is the remainder when 11/((16/20)/4) is divided by 19?
17
Suppose -8*p + 14*p - 42 = 0. What is the remainder when 33 is divided by p?
5
Let u(m) = -5*m + 4*m + 2*m + 12. Let v be u(-8). Suppose 3*c - c = v. What is the remainder when 5 is divided by c?
1
Let v = 13 - 7. Suppose 0 = v*k - 2*k - 44. Calculate the remainder when 21 is divided by k.
10
Calculate the remainder when 111 is divided by (-2)/(((-1)/46)/(2/8)).
19
Let a be 68/12 - (-2)/(-3). Let h = a + -2. Suppose 4*f + 3*u = 29, -u - 37 = -h*f + 1. What is the remainder when f is divided by 4?
3
What is the remainder when (6/5)/(27/360) is divided by 6?
4
Let z(k) = 52*k. Let s be z(1). Let l = s + -36. Let g(h) = -h + 2. Calculate the remainder when l is divided by g(-4).
4
Calculate the remainder when 80 is divided by 2/(-5) + (-426)/(-15).
24
Let u = -1461 + 909. What is the remainder when u/(-15) + (-2)/(-10) is divided by 19?
18
Let q(u) = -4 + 0 - 1 + u. Let f be q(10). Suppose 0*y - y + 51 = f*m, 3*m + 3*y - 33 = 0. What is the remainder when m is divided by 4?
2
Suppose 1 + 16 = s. Calculate the remainder when ((-384)/40)/((-1)/5) is divided by s.
14
Let z = 309 - 306. Suppose 6*l - 40 = 2*l. What is the remainder when l is divided by z?
1
Suppose -2*x = -t + 3*t - 270, -703 = -5*t + 2*x. Calculate the remainder when t is divided by 47.
45
Let a = 28 - 22. What is the remainder when a is divided by 5?
1
Let c = 18 + -16. Suppose -2*d = -t - 109, -5*t + t = -c*d + 112. What is the remainder when d is divided by 14?
12
Let v = 67 + -57. What is the remainder when 17 is divided by v?
7
Suppose -6*g = -g + k - 110, 4*g - 97 = k. What is the remainder when 87 is divided by g?
18
Let n = -33 + 54. Let d be n*(2 + 12/(-9)). Suppose -3*z + d = 5. What is the remainder when 5 is divided by z?
2
Suppose -2*z = 2*h, 7 - 1 = 5*z + 3*h. Calculate the remainder when 10 is divided by z.
1
Let j = -30 + 67. Let u(s) be the first derivative of 3*s**2/2 + s + 1. What is the remainder when j is divided by u(4)?
11
Let m(r) = 9 - 10*r + 3*r**3 - 5*r**2 - 2*r**3 + 5*r**2 - 4*r**2. Let k(d) = -d**2 + 6. Let q be k(0). Calculate the remainder when m(q) is divided by 6.
3
Suppose 8*j = 7*j + 17. Suppose 30 = 5*f - 5*i, -5*i = -4*f - 0*f + 24. Calculate the remainder when j is divided by f.
5
Let j(p) = -5*p. Let a be j(1). Let v = -2 - a. Suppose -3*r + 9 + 0 = -4*m, -9 = -v*r + m. What is the remainder when 8 is divided by r?
2
Let k(m) = -m**3 + 5*m**2 + 6*m - 1. Let q be k(6). Let j = q - -38. What is the remainder when j is divided by 10?
7
Let s = 15 - 9. Suppose 0 = 4*n - 6 - s. Suppose c = n, -2*g + 2*c + 1 = -5. Calculate the remainder when 16 is divided by g.
4
Suppose 5*n = -3*g + 2, 0 = g + 3*g + n - 14. Suppose -9 = -2*r - r, -d = -2*r - g. Calculate the remainder when 39 is divided by d.
9
Suppose 15 = z - 4*p, 0 = z - 5*z - p + 128. Suppose 2*a - 4*n - 39 = z, 5*a + 5*n = 100. What is the remainder when a is divided by (12/18)/(2 + (-52)/27)?
7
Let x be (31 + 3)*(-2)/(-4). Let l = 26 - x. Suppose l = 3*d + 4*z - 17, 17 = d + 3*z. Calculate the remainder when d is divided by 2.
0
Suppose 3 = -2*o + 9. Let s = -24 - -10. Calculate the remainder when 1/(s/8 + 2) is divided by o.
1
Suppose 35 = 5*q + 3*z + 2*z, 5*q + 2*z = 29. Suppose 3*d - 30 = -0*d. Let r = q + d. Calculate the remainder when 43 is divided by r.
13
Let k(y) = -y + 7. Let a(t) be the first derivative of -t**3/3 - 3*t**2/2 - 4*t + 1. Let i be a(-4). What is the remainder when 29 is divided by k(i)?
14
Suppose -5*z + 121 + 59 = 0. What is the remainder when 105 is divided by z?
33
What is the remainder when 1/6 - (-476)/24 is divided by 7?
6
Suppose 3*v - 2*o = 3*o + 242, -5*v = -4*o - 412. Suppose 0 = -4*d - 0*d + v. Calculate the remainder when d is divided by 12.
9
Suppose 3*j = -5*a + 47, -2*a + 62 = 2*j + 24. Calculate the remainder when j is divided by 7.
3
What is the remainder when (-1)/(-14)*1334 + 4/(-14) is divided by 24?
23
Suppose 0 = -13*a + 6*a + 217. Calculate the remainder when 90 is divided by a.
28
Let t be 2/3 + 618/18. Suppose t = 3*b + 2*k + 2, -5*k + 33 = 3*b. Let f(u) = u**2 + 2*u + 6. Calculate the remainder when f(-5) is divided by b.
10
Let f(x) = -x**3 - 6*x**2 - 5*x + 3. Let w be f(-5). Suppose -4*z + 4*a + 72 = 0, 0*a + 42 = 3*z + w*a. Calculate the remainder when 47 is divided by z.
15
Let d = 3 - -5. Let f be 4/2 + 0/2. What is the remainder when d is divided by (f - 0)/(4/10)?
3
Suppose 4*y - 166 = 3*y. Suppose -6*u + 2*o + y = -2*u, 2*u - 81 = -o. Calculate the remainder when u is divided by 14.
13
What is the remainder when 22 is divided by -2 + 12/(-3) + 18?
10
Suppose -a = 2*j - 221, -5*j = 4*a + a - 540. Calculate the remainder when j is divided by 23.
21
Suppose 0*c + 5*c = 25. What is the remainder when 26 is divided by c?
1
Suppose 5*i - 14 = -4*v, 4*v - 8*v = 16. What is the remainder when (14/i)/(2/24) is divided by 15?
13
Let d = -9 + 2. Let l = 3 - d. Calculate the remainder when 2 + (37 - (4 - 2)) is divided by l.
7
Let o = 74 + -16. Calculate the remainder when o is divided by 30.
28
Suppose -3*t + 49 = -23. Let a = -69 + 116. Calculate the remainder when a is divided by t.
23
Let g = -9 + 13. Suppose -3*u = 3*k - 6, -5*k + 14 - 1 = 4*u. Suppose -g*i + k*i = 24. Calculate the remainder when i is divided by 13.
11
Suppose 0 = -t - 2*q - 2 + 3, 2*t = q + 27. Calculate the remainder when 5*(0 - 63/(-15)) is divided by t.
10
Let s = -6 - -10. Suppose -3*z + 111 = -0*z. Suppose 3*t = s*t - z. What is the remainder when t is divided by 13?
11
Suppose -3*f = -2*i - i + 3, 5*i - 33 = -2*f. Let k = -14 + 10. Let s = 11 + k. Calculate the remainder when s is divided by f.
3
Suppose 2*l = -47 + 93. Let t(v) = 4*v**3 - v**2 - 2*v - 3. Calculate the remainder when t(3) is divided by l.
21
Suppose -4*u = -190 + 54. Calculate the remainder when 63 is divided by u.
29
Suppose 4*h = 5*k + 15 - 355, -103 = -2*k - 5*h. Suppose 2*s - k = -2*p, 2*s + 4*p = 3*p + 59. Calculate the remainder when s is divided by 10.
7
Suppose 0*u = 3*u - 42. What is the remainder when (1 - -2)/(1 + 22/(-25)) is divided by u?
11
Let a be 4/8*(-3 - -13). Suppose 0 = k + 3*o - 30 - 4, -a*o = 3*k - 106. Calculate the remainder when k is divided by 13.
11
Let r = -5 + 9. Suppose -r*i + 2*i + 58 = 0. What is the remainder when i is divided by 10?
9
Let y(t) = t**2 + 6*t. Let a = -3 + 17. What is the remainder when y(-10) is divided by a?
12
Let h(t) = -5*t**3 - t**2 - 3*t + 3. Let p be h(-3). Suppose -p = -v - 5*v. Calculate the remainder when v is divided by 12.
11
Let j be 204/(-36) - 2/(-3). Let s = j + 21. Calculate the remainder when 46 is divided by s.
14
Let z(t) = t**3 + 23*t**2 + t + 29. What is the remainder when 29 is divided by z(-23)?
5
Suppose -1 - 8 = -n. Let l(b) = -b**3 - 8*b**2 + 7*b - 2. Calculate the remainder when l(-9) is divided by n.
7
Let p be (-4)/(-2)*(-15)/(-6). Let o(s) = s**2 - 3*s - 1. Calculate the remainder when 26 is divided by o(p).
8
Suppose 0 = -4*i - k + 32, -5*k + 2*k - 21 = -i. Suppose -5*r - 15 = 0, 4 = 2*s + 5*r + i. What is the remainder when 17 is divided by s?
2
Let j be (-2)/(-3)*(-33)/(-2). Suppose 0 = -2*x - 4*o - 0*o + 38, 4*x + 5*o - 76 = 0. Let r = x + j. Calculate the remainder when r is divided by 11.
8
Let n = 42 + -31. Let y = 18 - 12. What is the remai